hat is the millions digit of 174859317?
4
What is the hundred millions digit of 241442739?
2
What is the units digit of 59319312?
2
What is the ten millions digit of 91656108?
9
What is the hundreds digit of 297606759?
7
What is the ten thousands digit of 285067060?
6
What is the thousands digit of 54281638?
1
What is the tens digit of 52002087?
8
What is the ten thousands digit of 99524885?
2
What is the ten millions digit of 1964182970?
6
What is the tens digit of 2925467555?
5
What is the units digit of 7938904778?
8
What is the hundred thousands digit of 3448298769?
2
What is the hundreds digit of 220849446?
4
What is the hundreds digit of 812770600?
6
What is the tens digit of 43220684?
8
What is the units digit of 69101381?
1
What is the millions digit of 52345034?
2
What is the units digit of 77730039?
9
What is the units digit of 494079431?
1
What is the hundred millions digit of 4516998402?
5
What is the units digit of 984301602?
2
What is the millions digit of 4311655118?
1
What is the tens digit of 114273732?
3
What is the units digit of 82421349?
9
What is the units digit of 172038020?
0
What is the thousands digit of 57220637?
0
What is the hundred thousands digit of 1750533376?
5
What is the hundred millions digit of 5765573240?
7
What is the tens digit of 19172158?
5
What is the hundred thousands digit of 368991076?
9
What is the hundred millions digit of 163804252?
1
What is the hundred millions digit of 4243336461?
2
What is the hundred thousands digit of 3189865?
1
What is the thousands digit of 14351803?
1
What is the units digit of 1448793387?
7
What is the hundred millions digit of 421868066?
4
What is the hundreds digit of 840557841?
8
What is the millions digit of 58391718?
8
What is the hundred millions digit of 148794427?
1
What is the billions digit of 5167826333?
5
What is the millions digit of 1668385208?
8
What is the hundreds digit of 332706297?
2
What is the thousands digit of 102937691?
7
What is the thousands digit of 23276074?
6
What is the units digit of 5383482?
2
What is the hundreds digit of 49284318?
3
What is the millions digit of 1537982989?
7
What is the hundred millions digit of 3205480874?
2
What is the hundred thousands digit of 199754072?
7
What is the ten thousands digit of 32361176?
6
What is the thousands digit of 79018600?
8
What is the tens digit of 167555586?
8
What is the units digit of 16744259?
9
What is the thousands digit of 28013059?
3
What is the ten millions digit of 724079474?
2
What is the hundred millions digit of 1022358018?
0
What is the units digit of 76674673?
3
What is the units digit of 894902662?
2
What is the hundreds digit of 376457621?
6
What is the ten millions digit of 29050034?
2
What is the tens digit of 1397081676?
7
What is the hundred millions digit of 1138099141?
1
What is the hundreds digit of 358409054?
0
What is the tens digit of 33059206?
0
What is the ten thousands digit of 47309?
4
What is the hundred thousands digit of 526667732?
6
What is the hundred thousands digit of 193655408?
6
What is the hundred thousands digit of 5047465984?
4
What is the ten thousands digit of 1631914006?
1
What is the hundred millions digit of 1845559122?
8
What is the units digit of 2243795551?
1
What is the hundred millions digit of 1658196304?
6
What is the ten thousands digit of 1311369400?
6
What is the hundred millions digit of 1734752762?
7
What is the millions digit of 8332209?
8
What is the units digit of 278208752?
2
What is the ten millions digit of 3093870338?
9
What is the millions digit of 8888693?
8
What is the hundred thousands digit of 46256296?
2
What is the hundred thousands digit of 28170066?
1
What is the hundred thousands digit of 2409957308?
9
What is the hundred millions digit of 116645928?
1
What is the tens digit of 1026565?
6
What is the hundreds digit of 34117816?
8
What is the hundreds digit of 3076872348?
3
What is the ten millions digit of 1140646429?
4
What is the ten thousands digit of 504420010?
2
What is the tens digit of 992461382?
8
What is the ten thousands digit of 5316968488?
6
What is the billions digit of 3218938344?
3
What is the thousands digit of 1598213764?
3
What is the millions digit of 39768601?
9
What is the ten millions digit of 84517595?
8
What is the hundreds digit of 38955732?
7
What is the ten millions digit of 90216700?
9
What is the tens digit of 172740665?
6
What is the tens digit of 120047650?
5
What is the units digit of 57946020?
0
What is the hundred thousands digit of 574133727?
1
What is the hundreds digit of 360079330?
3
What is the millions digit of 1267082934?
7
What is the millions digit of 72849158?
2
What is the ten thousands digit of 2810704205?
0
What is the tens digit of 1161779693?
9
What is the tens digit of 6504611716?
1
What is the units digit of 2095354778?
8
What is the tens digit of 2761415049?
4
What is the hundred millions digit of 1272184739?
2
What is the hundreds digit of 2067826474?
4
What is the hundreds digit of 61313385?
3
What is the hundreds digit of 75664851?
8
What is the units digit of 31818065?
5
What is the tens digit of 55705238?
3
What is the ten millions digit of 67333132?
6
What is the tens digit of 19893468?
6
What is the hundred thousands digit of 11569503?
5
What is the millions digit of 94907842?
4
What is the hundred millions digit of 178783016?
1
What is the ten millions digit of 321948672?
2
What is the hundred thousands digit of 5370042853?
0
What is the units digit of 230146279?
9
What is the thousands digit of 6090588458?
8
What is the hundred millions digit of 355304324?
3
What is the hundreds digit of 1620638792?
7
What is the ten millions digit of 49267240?
4
What is the ten thousands digit of 43075568?
7
What is the hundred thousands digit of 6550262?
5
What is the units digit of 129047200?
0
What is the hundreds digit of 2552964675?
6
What is the ten thousands digit of 13754632?
5
What is the units digit of 3160036454?
4
What is the hundreds digit of 1969255026?
0
What is the tens digit of 113937152?
5
What is the millions digit of 9178252923?
8
What is the millions digit of 3160263784?
0
What is the thousands digit of 2544118957?
8
What is the tens digit of 12164927?
2
What is the units digit of 161653489?
9
What is the thousands digit of 55921394?
1
What is the hundreds digit of 35257960?
9
What is the ten millions digit of 124367199?
2
What is the hundreds digit of 69426009?
0
What is the ten thousands digit of 470622919?
2
What is the hundreds digit of 39462044?
0
What is the hundreds digit of 2277098853?
8
What is the millions digit of 4850649?
4
What is the tens digit of 10273848?
4
What is the millions digit of 774404763?
4
What is the hundreds digit of 606432041?
0
What is the ten millions digit of 75694021?
7
What is the hundreds digit of 160316291?
2
What is the hundred thousands digit of 41959921?
9
What is the ten millions digit of 322658349?
2
What is the hundred thousands digit of 1205893502?
8
What is the units digit of 89404728?
8
What is the ten thousands digit of 5791485624?
8
What is the thousands digit of 26874444?
4
What is the ten millions digit of 285941360?
8
What is the millions digit of 2455559?
2
What is the thousands digit of 54473767?
3
What is the units digit of 639894578?
8
What is the ten thousands digit of 104375871?
7
What is the hundred thousands digit of 436505491?
5
What is the hundreds digit of 42695474?
4
What is the units digit of 981549376?
6
What is the ten thousands digit of 29946640?
4
What is the units digit of 292939482?
2
What is the hundred millions digit of 247441404?
2
What is the ten thousands digit of 3936500744?
0
What is the millions digit of 7409963452?
9
What is the millions digit of 71964506?
1
What is the ten millions digit of 47055562?
4
What is the tens digit of 49623647?
4
What is the hundred thousands digit of 25218362?
2
What is the ten thousands digit of 6358317?
5
What is the hundred thousands digit of 31912507?
9
What is the hundred thousands digit of 46093870?
0
What is the units digit of 3679718781?
1
What is the ten thousands digit of 214915177?
1
What is the hundreds digit of 352432570?
5
What is the tens digit of 12067396?
9
What is the millions digit of 1985874176?
5
What is the millions digi